{"id":1079,"date":"2023-10-31T14:19:27","date_gmt":"2023-10-31T17:19:27","guid":{"rendered":"https:\/\/medeirosenascimentosilva.com\/?page_id=1079"},"modified":"2023-10-31T14:36:09","modified_gmt":"2023-10-31T17:36:09","slug":"consulta-processual","status":"publish","type":"page","link":"https:\/\/medeirosenascimentosilva.com\/index.php\/home\/consulta-processual\/","title":{"rendered":"Acompanhe seu processo"},"content":{"rendered":"\t\t<div data-elementor-type=\"wp-page\" data-elementor-id=\"1079\" class=\"elementor elementor-1079\">\n\t\t\t\t<div class=\"elementor-element elementor-element-2723e4e e-flex e-con-boxed e-con e-parent\" data-id=\"2723e4e\" data-element_type=\"container\" data-e-type=\"container\" data-settings=\"{&quot;background_background&quot;:&quot;classic&quot;}\">\n\t\t\t\t\t<div class=\"e-con-inner\">\n\t\t\t\t<div class=\"elementor-element elementor-element-c77b98c elementor-view-default elementor-widget elementor-widget-icon\" data-id=\"c77b98c\" data-element_type=\"widget\" data-e-type=\"widget\" data-widget_type=\"icon.default\">\n\t\t\t\t<div class=\"elementor-widget-container\">\n\t\t\t\t\t\t\t<div class=\"elementor-icon-wrapper\">\n\t\t\t<div class=\"elementor-icon\">\n\t\t\t<i aria-hidden=\"true\" class=\"icon icon-Document-Search\"><\/i>\t\t\t<\/div>\n\t\t<\/div>\n\t\t\t\t\t\t<\/div>\n\t\t\t\t<\/div>\n\t\t\t\t<div class=\"elementor-element elementor-element-82646e7 elementor-widget elementor-widget-heading\" data-id=\"82646e7\" data-element_type=\"widget\" data-e-type=\"widget\" data-widget_type=\"heading.default\">\n\t\t\t\t<div class=\"elementor-widget-container\">\n\t\t\t\t\t<h3 class=\"elementor-heading-title elementor-size-default\">Acompanhe seu processo<\/h3>\t\t\t\t<\/div>\n\t\t\t\t<\/div>\n\t\t\t\t<div class=\"elementor-element elementor-element-45969b4 elementor-widget__width-inherit elementor-widget elementor-widget-text-editor\" data-id=\"45969b4\" data-element_type=\"widget\" data-e-type=\"widget\" data-widget_type=\"text-editor.default\">\n\t\t\t\t<div class=\"elementor-widget-container\">\n\t\t\t\t\t\t\t\t\t<p>Clicando no bot\u00e3o abaixo, voc\u00ea ser\u00e1 redirecionado para a p\u00e1gina de entrada,&nbsp;<span style=\"color: var( --e-global-color-primary ); letter-spacing: 0px; background-color: var( --e-global-color-1b483d4 );\">onde dever\u00e1 entrar com seu <\/span><b style=\"color: var( --e-global-color-primary ); letter-spacing: 0px; background-color: var( --e-global-color-1b483d4 );\">login <\/b><span style=\"color: var( --e-global-color-primary ); letter-spacing: 0px; background-color: var( --e-global-color-1b483d4 );\">para acessar o acompanhamento do seu processo.<\/span><\/p>\t\t\t\t\t\t\t\t<\/div>\n\t\t\t\t<\/div>\n\t\t\t\t<div class=\"elementor-element elementor-element-db3d47b elementor-align-center elementor-widget elementor-widget-button\" data-id=\"db3d47b\" data-element_type=\"widget\" data-e-type=\"widget\" data-widget_type=\"button.default\">\n\t\t\t\t<div class=\"elementor-widget-container\">\n\t\t\t\t\t\t\t\t\t<div class=\"elementor-button-wrapper\">\n\t\t\t\t\t<a class=\"elementor-button elementor-button-link elementor-size-md elementor-animation-pulse\" href=\"https:\/\/app.astrea.net.br\">\n\t\t\t\t\t\t<span class=\"elementor-button-content-wrapper\">\n\t\t\t\t\t\t<span class=\"elementor-button-icon\">\n\t\t\t\t<i aria-hidden=\"true\" class=\"icon icon-chevron-right-circle\"><\/i>\t\t\t<\/span>\n\t\t\t\t\t\t\t\t\t<span class=\"elementor-button-text\">Clique aqui<\/span>\n\t\t\t\t\t<\/span>\n\t\t\t\t\t<\/a>\n\t\t\t\t<\/div>\n\t\t\t\t\t\t\t\t<\/div>\n\t\t\t\t<\/div>\n\t\t\t\t\t<\/div>\n\t\t\t\t<\/div>\n\t\t\t\t<\/div>\n\t\t","protected":false},"excerpt":{"rendered":"<p>Acompanhe seu processo Clicando no bot\u00e3o abaixo, voc\u00ea ser\u00e1 redirecionado para a p\u00e1gina de entrada,&nbsp;onde dever\u00e1 entrar com seu login para acessar o acompanhamento do seu processo. Clique aqui<\/p>\n","protected":false},"author":2,"featured_media":0,"parent":927,"menu_order":0,"comment_status":"closed","ping_status":"closed","template":"elementor_header_footer","meta":{"footnotes":""},"class_list":["post-1079","page","type-page","status-publish","hentry"],"_links":{"self":[{"href":"https:\/\/medeirosenascimentosilva.com\/index.php\/wp-json\/wp\/v2\/pages\/1079","targetHints":{"allow":["GET"]}}],"collection":[{"href":"https:\/\/medeirosenascimentosilva.com\/index.php\/wp-json\/wp\/v2\/pages"}],"about":[{"href":"https:\/\/medeirosenascimentosilva.com\/index.php\/wp-json\/wp\/v2\/types\/page"}],"author":[{"embeddable":true,"href":"https:\/\/medeirosenascimentosilva.com\/index.php\/wp-json\/wp\/v2\/users\/2"}],"replies":[{"embeddable":true,"href":"https:\/\/medeirosenascimentosilva.com\/index.php\/wp-json\/wp\/v2\/comments?post=1079"}],"version-history":[{"count":5,"href":"https:\/\/medeirosenascimentosilva.com\/index.php\/wp-json\/wp\/v2\/pages\/1079\/revisions"}],"predecessor-version":[{"id":1086,"href":"https:\/\/medeirosenascimentosilva.com\/index.php\/wp-json\/wp\/v2\/pages\/1079\/revisions\/1086"}],"up":[{"embeddable":true,"href":"https:\/\/medeirosenascimentosilva.com\/index.php\/wp-json\/wp\/v2\/pages\/927"}],"wp:attachment":[{"href":"https:\/\/medeirosenascimentosilva.com\/index.php\/wp-json\/wp\/v2\/media?parent=1079"}],"curies":[{"name":"wp","href":"https:\/\/api.w.org\/{rel}","templated":true}]}}